{"id":23,"date":"2016-02-12T08:12:49","date_gmt":"2016-02-12T08:12:49","guid":{"rendered":"http:\/\/demos.famethemes.com\/onepress\/?page_id=23"},"modified":"2016-11-26T17:22:52","modified_gmt":"2016-11-26T16:22:52","slug":"service-title-1","status":"publish","type":"page","link":"https:\/\/lesclesbiarrotes.com\/index.php\/service-title-1\/","title":{"rendered":"Une solution de confiance"},"content":{"rendered":"<p>Parce que nous savons qu\u2019il est difficile de g\u00e9rer la location de son appartement de vacances \u00e0 distance, alors qu\u2019il pourrait g\u00e9n\u00e9rer des revenus suppl\u00e9mentaires confortables et r\u00e9guliers. Nous avons cr\u00e9\u00e9 Les Cl\u00e9s Biarrotes. Une vraie solution de confiance pour les propri\u00e9taires. De la r\u00e9servation, au d\u00e9part des voyageurs, en passant par des conseils personnalis\u00e9s, nous saurons fid\u00e9liser vos locataires en leur assurant un excellent s\u00e9jour au Pays Basque.<\/p>\n","protected":false},"excerpt":{"rendered":"<p>Parce que nous savons qu\u2019il est difficile de g\u00e9rer la location de son appartement de vacances \u00e0 distance, alors qu\u2019il pourrait g\u00e9n\u00e9rer des revenus suppl\u00e9mentaires confortables et r\u00e9guliers. Nous avons cr\u00e9\u00e9 Les Cl\u00e9s Biarrotes. Une vraie solution de confiance pour les propri\u00e9taires. De la r\u00e9servation, au d\u00e9part des voyageurs, en passant par des conseils personnalis\u00e9s, nous saurons fid\u00e9liser vos locataires en leur assurant un excellent s\u00e9jour au Pays Basque.<\/p>\n","protected":false},"author":1,"featured_media":0,"parent":0,"menu_order":0,"comment_status":"closed","ping_status":"closed","template":"","meta":{"jetpack_post_was_ever_published":false,"footnotes":""},"class_list":["post-23","page","type-page","status-publish","hentry"],"jetpack_sharing_enabled":true,"jetpack_shortlink":"https:\/\/wp.me\/P8ef2G-n","_links":{"self":[{"href":"https:\/\/lesclesbiarrotes.com\/index.php\/wp-json\/wp\/v2\/pages\/23","targetHints":{"allow":["GET"]}}],"collection":[{"href":"https:\/\/lesclesbiarrotes.com\/index.php\/wp-json\/wp\/v2\/pages"}],"about":[{"href":"https:\/\/lesclesbiarrotes.com\/index.php\/wp-json\/wp\/v2\/types\/page"}],"author":[{"embeddable":true,"href":"https:\/\/lesclesbiarrotes.com\/index.php\/wp-json\/wp\/v2\/users\/1"}],"replies":[{"embeddable":true,"href":"https:\/\/lesclesbiarrotes.com\/index.php\/wp-json\/wp\/v2\/comments?post=23"}],"version-history":[{"count":2,"href":"https:\/\/lesclesbiarrotes.com\/index.php\/wp-json\/wp\/v2\/pages\/23\/revisions"}],"predecessor-version":[{"id":1259,"href":"https:\/\/lesclesbiarrotes.com\/index.php\/wp-json\/wp\/v2\/pages\/23\/revisions\/1259"}],"wp:attachment":[{"href":"https:\/\/lesclesbiarrotes.com\/index.php\/wp-json\/wp\/v2\/media?parent=23"}],"curies":[{"name":"wp","href":"https:\/\/api.w.org\/{rel}","templated":true}]}}